{"id":378,"date":"2019-05-30T16:51:49","date_gmt":"2019-05-30T14:51:49","guid":{"rendered":"http:\/\/sg-overberge.de\/spielwiese\/?page_id=378"},"modified":"2021-11-02T13:41:59","modified_gmt":"2021-11-02T12:41:59","slug":"ehrenmitglieder","status":"publish","type":"page","link":"https:\/\/sg-overberge.de\/wordpress\/?page_id=378","title":{"rendered":"Ehrenmitglieder"},"content":{"rendered":"\n<p><strong>Ehrenmitglieder der  Schie\u00dfgruppe Overberge 1960 e. V. <\/strong><\/p>\n<br><br>\n\n\n\n<table width=\"100%\">\n<tr>\n<td><b>Ehrenmitglied: Helmut Heermann \u2020 <\/b><\/td>\n<td><img loading=\"lazy\" decoding=\"async\" width=\"250\" height=\"329\" src=\"http:\/\/sg-overberge.de\/wordpress\/wp-content\/uploads\/2019\/10\/h_heermann-1.png\" alt=\"\" class=\"wp-image-745\" srcset=\"https:\/\/sg-overberge.de\/wordpress\/wp-content\/uploads\/2019\/10\/h_heermann-1.png 250w, https:\/\/sg-overberge.de\/wordpress\/wp-content\/uploads\/2019\/10\/h_heermann-1-228x300.png 228w\" sizes=\"auto, (max-width: 250px) 100vw, 250px\" \/><\/td>\n<\/tr>\n<tr>\n<td colspan=\"2\">Helmut Heermann war ma\u00dfgeblich an der Gr\u00fcndung des Schie\u00dfgruppe Overberge 1960 e. V. beteiligt und dort 50 Jahre ununterbrochen Mitglied des Vorstandes in fast allen Funktionen. Auf Kreisebene war er von 1977-1984 Sportleiter und von 1984-1987 auch 1. Vorsitzender.<br>Der Bau des Schie\u00dfstandes in der Schillerschule und sein gro\u00dfer Traum, die KK-Anlage an der Hansastra\u00dfe, tragen seine Handschrift.<br><br>Seit 2003 ist er Ehrenmitglied in der Schie\u00dfgruppe Overberge.\n<\/td>\n<\/table>\n\n\n\n<p style=\"text-align:left\" class=\"has-text-color has-vivid-red-color\"> \u2022 \u2022  \u2022  \u2022  \u2022  \u2022  \u2022  \u2022  \u2022  \u2022  \u2022  \u2022  \u2022  \u2022  \u2022  \u2022  \u2022  \u2022  \u2022  \u2022  \u2022  \u2022  \u2022  \u2022  \u2022  \u2022  \u2022  \u2022  \u2022  <\/p>\n\n\n\n<table width=\"100%\">\n<tr>\n<td><b>Ehrenmitglied: J\u00f6rg Heermann \u2020 <\/b><\/td>\n<td><img decoding=\"async\" src=\"http:\/\/sg-overberge.de\/wordpress\/wp-content\/uploads\/2019\/10\/joerg_heermann.png\" alt=\"\" class=\"wp-image-745\"\/><\/td>\n<\/tr>\n<tr>\n<td colspan=\"2\">J\u00f6rg Heermann wird f\u00fcr seine langj\u00e4hrigen besonderen Verdienste um das \nSch\u00fctzenwesen und den Schie\u00dfsport zum Ehrenmitglied ernannt. \u00dcber viele Jahre hat er verantwortlich die Jugendarbeit geleitet und gestaltet. Die Technik auf den Schie\u00dfst\u00e4nden, die Pflege der Internetseite sowie die Pressearbeit hat er fast bis zum Schluss betreut.<br><br>\n2019 wurde er zum Ehrenmitglied ernannt.\n<\/td>\n<\/table>\n","protected":false},"excerpt":{"rendered":"<p>Ehrenmitglieder der Schie\u00dfgruppe Overberge 1960 e. V. Ehrenmitglied: Helmut Heermann \u2020 Helmut Heermann war ma\u00dfgeblich an der Gr\u00fcndung des Schie\u00dfgruppe Overberge 1960 e. V. beteiligt und dort 50 Jahre ununterbrochen Mitglied des Vorstandes in fast allen Funktionen. Auf Kreisebene war er von 1977-1984 Sportleiter und von 1984-1987 auch 1. Vorsitzender.Der Bau des Schie\u00dfstandes in der<\/p><\/div>\n<div class=\"blog-btn\"><a href=\"https:\/\/sg-overberge.de\/wordpress\/?page_id=378\" class=\"home-blog-btn\">Weiterlesen<\/a><\/p>\n","protected":false},"author":2,"featured_media":0,"parent":0,"menu_order":0,"comment_status":"closed","ping_status":"closed","template":"","meta":{"footnotes":""},"class_list":["post-378","page","type-page","status-publish","hentry"],"_links":{"self":[{"href":"https:\/\/sg-overberge.de\/wordpress\/index.php?rest_route=\/wp\/v2\/pages\/378","targetHints":{"allow":["GET"]}}],"collection":[{"href":"https:\/\/sg-overberge.de\/wordpress\/index.php?rest_route=\/wp\/v2\/pages"}],"about":[{"href":"https:\/\/sg-overberge.de\/wordpress\/index.php?rest_route=\/wp\/v2\/types\/page"}],"author":[{"embeddable":true,"href":"https:\/\/sg-overberge.de\/wordpress\/index.php?rest_route=\/wp\/v2\/users\/2"}],"replies":[{"embeddable":true,"href":"https:\/\/sg-overberge.de\/wordpress\/index.php?rest_route=%2Fwp%2Fv2%2Fcomments&post=378"}],"version-history":[{"count":49,"href":"https:\/\/sg-overberge.de\/wordpress\/index.php?rest_route=\/wp\/v2\/pages\/378\/revisions"}],"predecessor-version":[{"id":954,"href":"https:\/\/sg-overberge.de\/wordpress\/index.php?rest_route=\/wp\/v2\/pages\/378\/revisions\/954"}],"wp:attachment":[{"href":"https:\/\/sg-overberge.de\/wordpress\/index.php?rest_route=%2Fwp%2Fv2%2Fmedia&parent=378"}],"curies":[{"name":"wp","href":"https:\/\/api.w.org\/{rel}","templated":true}]}}