{"id":344,"date":"2019-05-30T16:32:28","date_gmt":"2019-05-30T14:32:28","guid":{"rendered":"http:\/\/sg-overberge.de\/spielwiese\/?page_id=344"},"modified":"2024-08-24T04:48:48","modified_gmt":"2024-08-24T02:48:48","slug":"schiessstaende","status":"publish","type":"page","link":"https:\/\/sg-overberge.de\/wordpress\/?page_id=344","title":{"rendered":"Der Schie\u00dfstand"},"content":{"rendered":"\n<p class=\"has-very-dark-gray-color has-text-color\"><strong>Der Schie\u00dfstand der SGO<\/strong><\/p>\n\n\n\n<p>Die Raumschie\u00dfanlage an der Hansastra\u00dfe ist eine der modernsten Anlagen im Umkreis.<\/p>\n\n\n\n<p>Bei gleichm\u00e4\u00dfigen Temperatur- und Lichtverh\u00e4ltnissen k\u00f6nnen auf 6 elektronisch ausgestatteten Schie\u00dfbahnen alle Disziplinen zwischen 10 und 50 m geschossen werden, da die Zielwagen variabel einsetzbar sind.<\/p>\n\n\n\n<p>Wettk\u00e4mpfe und Training k\u00f6nnen auf Monitoren im Aufenthaltsraum verfolgt werden.<\/p>\n\n\n\n<p class=\"has-very-light-gray-color has-text-color\">X<\/p>\n\n\n\n<figure class=\"wp-block-image size-full\"><img loading=\"lazy\" decoding=\"async\" width=\"1000\" height=\"600\" src=\"https:\/\/sg-overberge.de\/wordpress\/wp-content\/uploads\/2024\/08\/sgo_stand_082024.jpg\" alt=\"\" class=\"wp-image-996\" srcset=\"https:\/\/sg-overberge.de\/wordpress\/wp-content\/uploads\/2024\/08\/sgo_stand_082024.jpg 1000w, https:\/\/sg-overberge.de\/wordpress\/wp-content\/uploads\/2024\/08\/sgo_stand_082024-300x180.jpg 300w, https:\/\/sg-overberge.de\/wordpress\/wp-content\/uploads\/2024\/08\/sgo_stand_082024-768x461.jpg 768w\" sizes=\"auto, (max-width: 1000px) 100vw, 1000px\" \/><figcaption class=\"wp-element-caption\"> RSA = Raumschie\u00dfanlage Sportzentrum Overberge <\/figcaption><\/figure>\n\n\n\n<p><\/p>\n\n\n\n<p class=\"has-text-align-center\">\u2022 \u2022  \u2022  \u2022  \u2022  \u2022  \u2022 <\/p>\n\n\n\n<p>Viele Vereine der Umgebung nutzen diese hervorragenden Trainings- und Wettkampfm\u00f6glichkeiten.<\/p>\n","protected":false},"excerpt":{"rendered":"<p>Der Schie\u00dfstand der SGO Die Raumschie\u00dfanlage an der Hansastra\u00dfe ist eine der modernsten Anlagen im Umkreis. Bei gleichm\u00e4\u00dfigen Temperatur- und Lichtverh\u00e4ltnissen k\u00f6nnen auf 6 elektronisch ausgestatteten Schie\u00dfbahnen alle Disziplinen zwischen 10 und 50 m geschossen werden, da die Zielwagen variabel einsetzbar sind. Wettk\u00e4mpfe und Training k\u00f6nnen auf Monitoren im Aufenthaltsraum verfolgt werden. X \u2022 \u2022<\/p><\/div>\n<div class=\"blog-btn\"><a href=\"https:\/\/sg-overberge.de\/wordpress\/?page_id=344\" class=\"home-blog-btn\">Weiterlesen<\/a><\/p>\n","protected":false},"author":2,"featured_media":0,"parent":0,"menu_order":0,"comment_status":"closed","ping_status":"closed","template":"","meta":{"footnotes":""},"class_list":["post-344","page","type-page","status-publish","hentry"],"_links":{"self":[{"href":"https:\/\/sg-overberge.de\/wordpress\/index.php?rest_route=\/wp\/v2\/pages\/344","targetHints":{"allow":["GET"]}}],"collection":[{"href":"https:\/\/sg-overberge.de\/wordpress\/index.php?rest_route=\/wp\/v2\/pages"}],"about":[{"href":"https:\/\/sg-overberge.de\/wordpress\/index.php?rest_route=\/wp\/v2\/types\/page"}],"author":[{"embeddable":true,"href":"https:\/\/sg-overberge.de\/wordpress\/index.php?rest_route=\/wp\/v2\/users\/2"}],"replies":[{"embeddable":true,"href":"https:\/\/sg-overberge.de\/wordpress\/index.php?rest_route=%2Fwp%2Fv2%2Fcomments&post=344"}],"version-history":[{"count":42,"href":"https:\/\/sg-overberge.de\/wordpress\/index.php?rest_route=\/wp\/v2\/pages\/344\/revisions"}],"predecessor-version":[{"id":997,"href":"https:\/\/sg-overberge.de\/wordpress\/index.php?rest_route=\/wp\/v2\/pages\/344\/revisions\/997"}],"wp:attachment":[{"href":"https:\/\/sg-overberge.de\/wordpress\/index.php?rest_route=%2Fwp%2Fv2%2Fmedia&parent=344"}],"curies":[{"name":"wp","href":"https:\/\/api.w.org\/{rel}","templated":true}]}}