{"id":159,"date":"2019-05-30T06:56:40","date_gmt":"2019-05-30T04:56:40","guid":{"rendered":"http:\/\/sg-overberge.de\/spielwiese\/?page_id=159"},"modified":"2019-10-05T06:14:29","modified_gmt":"2019-10-05T04:14:29","slug":"meisterschaften","status":"publish","type":"page","link":"https:\/\/sg-overberge.de\/wordpress\/?page_id=159","title":{"rendered":"Meisterschaften"},"content":{"rendered":"\n<p class=\"has-text-color has-very-dark-gray-color\"><strong>Meisterschaften<\/strong><\/p>\n\n\n\n<p>Hier findet Ihr die Links zu den verschiedenen Ebenen (Kreis, Bezirk, Land und Bund) mit Infos zu Limitzahlen, Starterlisten, Startzeiten und Ergebnissen.<\/p>\n\n\n\n<p><a rel=\"noreferrer noopener\" aria-label=\"Sch\u00fctzenkreis Unna-Kamen  (\u00f6ffnet in neuem Tab)\" href=\"http:\/\/www.sk-unna-kamen.de\/Sport\/KM---BM\/km---bm.html\" target=\"_blank\">Sch\u00fctzenkreis Unna-Kamen <\/a><\/p>\n\n\n\n<p><a rel=\"noreferrer noopener\" aria-label=\"Bezirk Hellweg (\u00f6ffnet in neuem Tab)\" href=\"https:\/\/www.bezirk-hellweg.de\/index.php\/sport\/bezirksmeisterschaften\" target=\"_blank\">Bezirk Hellweg<\/a><\/p>\n\n\n\n<p><a rel=\"noreferrer noopener\" aria-label=\"Westf\u00e4lischer Sch\u00fctzenbund (\u00f6ffnet in neuem Tab)\" href=\"https:\/\/www.wsb1861.de\/\" target=\"_blank\">Westf\u00e4lischer Sch\u00fctzenbund<\/a> (-> SPORT)<\/p>\n\n\n\n<p><a rel=\"noreferrer noopener\" aria-label=\" (\u00f6ffnet in neuem Tab)\" href=\"https:\/\/www.dsb.de\/\" target=\"_blank\">Deutscher Sch\u00fctzenbund<\/a> bzw. <\/p>\n\n\n\n<p><a href=\"https:\/\/www.wsb1861.de\/index.php\/sport\/deutsche-meisterschaft\" target=\"_blank\" rel=\"noreferrer noopener\" aria-label=\"WSB -&gt; Deutsche Meisterschaft (\u00f6ffnet in neuem Tab)\">WSB -> Deutsche Meisterschaft<\/a><\/p>\n","protected":false},"excerpt":{"rendered":"<p>Meisterschaften Hier findet Ihr die Links zu den verschiedenen Ebenen (Kreis, Bezirk, Land und Bund) mit Infos zu Limitzahlen, Starterlisten, Startzeiten und Ergebnissen. Sch\u00fctzenkreis Unna-Kamen Bezirk Hellweg Westf\u00e4lischer Sch\u00fctzenbund (-> SPORT) Deutscher Sch\u00fctzenbund bzw. WSB -> Deutsche Meisterschaft<\/p>\n","protected":false},"author":2,"featured_media":0,"parent":0,"menu_order":0,"comment_status":"closed","ping_status":"closed","template":"","meta":{"footnotes":""},"class_list":["post-159","page","type-page","status-publish","hentry"],"_links":{"self":[{"href":"https:\/\/sg-overberge.de\/wordpress\/index.php?rest_route=\/wp\/v2\/pages\/159","targetHints":{"allow":["GET"]}}],"collection":[{"href":"https:\/\/sg-overberge.de\/wordpress\/index.php?rest_route=\/wp\/v2\/pages"}],"about":[{"href":"https:\/\/sg-overberge.de\/wordpress\/index.php?rest_route=\/wp\/v2\/types\/page"}],"author":[{"embeddable":true,"href":"https:\/\/sg-overberge.de\/wordpress\/index.php?rest_route=\/wp\/v2\/users\/2"}],"replies":[{"embeddable":true,"href":"https:\/\/sg-overberge.de\/wordpress\/index.php?rest_route=%2Fwp%2Fv2%2Fcomments&post=159"}],"version-history":[{"count":44,"href":"https:\/\/sg-overberge.de\/wordpress\/index.php?rest_route=\/wp\/v2\/pages\/159\/revisions"}],"predecessor-version":[{"id":461,"href":"https:\/\/sg-overberge.de\/wordpress\/index.php?rest_route=\/wp\/v2\/pages\/159\/revisions\/461"}],"wp:attachment":[{"href":"https:\/\/sg-overberge.de\/wordpress\/index.php?rest_route=%2Fwp%2Fv2%2Fmedia&parent=159"}],"curies":[{"name":"wp","href":"https:\/\/api.w.org\/{rel}","templated":true}]}}